)) + (3 - 3)
-4
What is 8 - (6 - (-4 - 0 - -3))?
1
-68 + 65 - (-2 + (-3 - 0))
2
10 + 1 + 1 + -23 + 17
6
5 + (-2 - 3) - (1 + 1)
-2
Evaluate -5 - (5 - (2 - (-14 - -8))).
-2
2 + (-8 + 5 - -2 - 0)
1
(-1 + -1 - (-5 - -1)) + 3
5
Calculate (4 - 1 - (-12 + 18)) + -1.
-4
What is 18 + 1 - 9 - 6?
4
Calculate -5 + 0 + -1 + (-129 - -128).
-7
Evaluate -10 - -15 - (2 + -1).
4
Evaluate -10 + 11 + -18 + 12.
-5
Calculate (2 - 1) + (-14 - -11) + -2.
-4
What is (-2 + 3 + -4 - 1) + 1?
-3
What is 2 - (-1 + -2 + 3 + 2)?
0
Evaluate -5 - (0 + 3 + (0 - 5)).
-3
What is -1 + -7 - (21 - 22)?
-7
What is the value of (4 - 0) + -2 + 7 + -12?
-3
(0 + 5 - 3) + -4
-2
(-10 + 13 - 3) + 2
2
What is the value of -8 + (4 - 4) + 3?
-5
What is the value of 6 + 6 + -5 - 8?
-1
Calculate 12 + -8 + -6 + 6.
4
What is the value of 20 + 1 - (-129 + 141)?
9
What is the value of -5 + 6 + 2 + 3 + -1?
5
Calculate (-1 - -5) + (-1 - 8) + 8.
3
What is 12 - (-7 - -16 - -3)?
0
5 - 1 - ((2 - -4) + -5)
3
Evaluate (-1 - -1) + (4 + 0 - 4).
0
What is 0 - (-6 + 1 - -2)?
3
Evaluate 0 + (-9 + 3 - -3 - -2).
-1
Evaluate -7 + (1 - -7) + (-2 - 0).
-1
(-1 - (-3 - 1)) + (-3 - 4)
-4
What is the value of (3 - 1 - 1) + (5 - 14)?
-8
What is the value of -4 - (-4 - (2 - 2)) - -3?
3
Evaluate 6 - ((-4 + -1 - -3) + 7).
1
Evaluate (22 + -19 - (1 + 5)) + -3.
-6
Calculate 4 + (2 - (0 - (-5 + 1))).
2
Evaluate (-4 - (3 - 14)) + -3.
4
What is the value of -14 - (9 - (18 - -5))?
0
Evaluate 1 + 1 + (-59 - -57).
0
Calculate 2 + 0 + 1 - (1 - 3).
5
Evaluate -3 + 3 + -1 + -2 + 0.
-3
Calculate (1 - (0 - 3 - -8)) + 13.
9
Calculate -14 - (-9 + -2 - 3).
0
Evaluate -3 + (-2 - -8 - 5).
-2
7 - 13 - (-2 + -5)
1
What is 3 + (-7 - (0 - 4))?
0
3 - (7 - 7) - 7
-4
1 + 0 + -4 - (-2 - 0)
-1
Evaluate (-1 - 3 - (-10 - -5)) + -3.
-2
2 - (-5 - -7) - (-1 - 4)
5
What is (-17 + 49 - 45) + -1 + 10?
-4
Evaluate 3 - ((1 - 0) + (0 - 0)).
2
Evaluate 7 + (2 - 18 - -6) + 1.
-2
Calculate (-4 - -3) + -3 + 3 - 2.
-3
What is 10 + ((-3 - 1) + 5 - 6)?
5
-7 - -7 - (1 - 9)
8
What is 7 + 1 - (2 - (2 - 4))?
4
Evaluate -2 + (-1 - 2) + (33 - 31).
-3
Evaluate -1 + 1 - (30 + -32).
2
(1 - -8) + -6 - 5
-2
-1 - (-3 - (3 + -5 + -4))
-4
Evaluate -2 + -8 - -10 - -1.
1
(1 - 0) + (8 - 6)
3
-2 + (8 - 3) - (1 + 4)
-2
Calculate -3 + (4 - 2) + -7.
-8
What is the value of 13 + (-4 - 14) - (-3 - 1)?
-1
-6 - ((-2 - (4 - 5)) + 1)
-6
What is the value of -9 - (8 - 13 - -1)?
-5
What is -6 - (-2 + (-3 - -3))?
-4
Evaluate 4 + 2 - (33 + -29).
2
What is -14 - -16 - ((10 - 3) + 0)?
-5
Evaluate (-3 - -5) + (1 + -1 - 6).
-4
What is the value of (5 + -3 - 4) + 0?
-2
-42 + 31 - (-7 + 2)
-6
What is the value of (-2 - (1 + 0)) + -1 + 3?
-1
Evaluate 2 + -2 - ((2 - -1) + -1).
-2
What is the value of 2 - (4 + -10) - 5?
3
What is -2 - (-1 + 1 + (28 - 32))?
2
-4 - 0 - (-68 - -61)
3
Evaluate -5 + (4 + 1 - 1) + 4.
3
What is (-9 - -12) + (0 - 0) + -6?
-3
What is -29 + 22 - (-5 + 2)?
-4
6 + -9 - (-2 - (3 - 1))
1
What is the value of 3 + 2 + 0 + (-11 - -4)?
-2
What is 12 + (-14 - 8) + 1 + 0?
-9
What is the value of 2 - (-8 + 1 + -3 + 9)?
3
What is the value of 2 - 0 - 4 - 0?
-2
Evaluate 2 + 5 + -6 - 2.
-1
4 + (2 - (3 + -3) - 3)
3
2 + -1 + 2 + -1
2
Calculate -5 + (12 - (0 - -6)).
1
Evaluate -4 - ((2 - -1) + -4) - -4.
1
-7 - ((4 - 1) + -5)
-5
Evaluate -4 - -8 - (-1 - 0).
5
Calculate 16 + 14 + -23 - (0 - -4).
3
What is the value of (-4 - -12) + (1 - 8 - -1)?
2
Evaluate -4 - 5 - (-6 - -3).
-6
What is (13 - (0 + 4)) + -5?
4
What is 6 + -3 + 5 + -6?
2
What is 11 + -6 + -5 - (2 + 0)?
-2
Calculate 2 + -1 + 8 + -11 + -5.
-7
What is the value of 8 + (-2 - -1) + -8?
-1
Evaluate (-7 - -6) + (-1 - -2 - 3).
-3
Calculate -5 - (5 - 3 - -1).
-8
Evaluate -3 + 2 - (-8 - -5).
2
What is 1 + (1 - -2 - 1) - -2?
5
What is (2 + 6 - (9 - 5)) + 1?
5
Calculate -22 + (15 - -8) + 6 + 1.
8
Evaluate 79 + -79 - (0 + 1 + 0).
-1
What is the value of -48 - -45 - (-2 - 6)?
5
Calculate (3 - 4 - 4) + 3 + 4.
2
Evaluate (-5 - -9 - 12) + (0 - -3).
-5
Calculate 4 + (0 - 0) + 0 + -1.
3
-4 + (-2 - -2) + -1
-5
Calculate 0 + -2 + 8 - 7.
-1
Calculate 1 + 0 + -4 - (6 - 8).
-1
What is the value of (62 - 53) + (-1 + 1 - 2)?
7
(1 - 1) + 5 + (-3 - -2)
4
What is the value of (1 - 1) + 0 - -3?
3
What is the value of -12 + 13 - (0 + -4 + 9)?
-4
0 - (-2 + 3 + -4)
3
Calculate 2 - 1 - (-2 - -1) - -3.
5
Evaluate 1 - ((7 - 0) + 2 + -3).
-5
What is the value of 2 + 1 - (-6 - (0 + -12))?
-3
Evaluate 4 + (7 - 3 - (-1 + 4)).
5
-8 + 0 - (-8 - -9 - 11)
2
What is 6 + 1 + (3 + -4 - -2)?
8
Evaluate -4 - (-14 + 2 + 1 + 3).
4
-1 - 4 - (59 + -67)
3
What is the value of 2 - (-2 + (0 - -5))?
-1
What is the value of -8 + (-6 - -8) - -4?
-2
Evaluate 8 + 1 + (-2 - 8 - -3).
2
What is the value of -6 - (-6 - (-3 + -1))?
-4
Calculate -1 + -5 + 3 + (0 - -6).
3
What is 6 + -7 + 10 - 4?
5
Calculate 6 + 0 - (0 + 3).
3
Calculate 0 - (-4 + -2 - (-22 - -18)).
2
Evaluate 4 - (1 - ((-4 - -4) + -1)).
2
Evaluate 0 - (-4 + (-2 - -6)).
0
Evaluate -6 + -4 + 9 - (0 + -3).
2
What is the value of -6 - (2 - (2 + 6)) - -6?
6
Calculate 5 - (-4 - (1 - (5 + 1))).
4
Evaluate 4 + -7 - (3 + 5 + -9).
-2
Calculate 190 - 201 - (-13 + -1).
3
What is 10 + -2 + 1 + -5?
4
What is the value of (-5 - (5 + -8)) + 1 + -7?
-8
(-4 - -3) + (4 - 5) + 0
-2
Evaluate 31 + -26 + (-1 - 1).
3
Calculate 15 + (9 - 10) + -10.
4
-8 + 8 + 4 - 5
-1
Calculate 1 - 8 - (1 + -2) - -1.
-5
What is the value of 0 + -1 - -4 - (104 - 101)?
0
-3 - (-1 - -5 - (8 - -4))
5
Calculate 44 + -51 + -3 + 19 + -1.
8
Calculate -1 + (1 - -4) + (-4 - -1).
1
What is -3 + 1 + (0 - 0 - -2)?
0
What is the value of -2 - (-13 + 6 + 0)?
5
What is the value of 0 - -2 - 1 - 3?
-2
Calculate 7 + (-1 - -4 - (37 + -33)).
6
0 + (3 - 5 - 0) - 3
-5
Calculate -6 + 1 + (0 - (-4 + 1)).
-2
Evaluate (-6 + 6 - (5 + 0)) + 11.
6
(2 - (4 - 8)) + (-4 - -1)
3
6 + -13 + 9 - (4 + 0)
-2
42 + -53 + (6 - 0)
-5
What is (0 - (3 - 6)) + (5 - 9)?
-1
What is the value of -2 + 0 + -1 - (46 + -41)?
-8
5 + -1 - (3 + -1)
2
Evaluate -1 + (10 - 13) + (2 - -2).
0
What is the value of -14 + 8 - (2 - 5)?
-3
1 + -1 + -30 + 33
3
(14 - 3 - -8) + -10
9
What is the value of (-1 - -4) + (-4 - -1)?
0
-3 + (3 - (0 + -6 + 4))
2
-1 - (-5 + 0) - 0
4
5 + (-9 - (0 + 1))
-5
Calculate (-1 + 1 - 2) + 13 + -6.
5
What is 2 + -3 + 3 + 6 - 2?
6
What is the value of 18 - (-8 + (-3 - 0 - -18))?
11
What is the value of 0 - 2 - (-6 - (-9 + 5))?
0
What is the value of 13 + -16 + (2 - (-4 - 0))?
3
What is the value of 10 - 26 - -9 - -2?
-5
Calculate 0 - (-3 - 1) - (2 + 1).
1
What is -4 + (-1 - (4 - (0 - -2)))?
-7
Calculate 0 - 5 - 0 - (-1 - 0).
-4
What is -4 - -10 - (-5 - -12)?
-1
Calculate 2 + (-3 - -2 - 4).
-3
What is 0 - -2 - (1 - 4)?
5
What is 7 - (-1 + (6 - 2) - 1)?
5
-1 + 2 - (1 - 0 - 2)
2
Calculate 2 + 0 + 4 + (-10 - 0).
-4
Evaluate 13 - (12 + 13 + -5).
-7
3 - ((0 - 4) + 5 + -1)
3
Evaluate 2 + 10 - (-18 + 31).
-1
Evaluate -2 - (8 - 1 - (-2 - -6)).
-5
(2 + -8 - -9) + 0 + -4
-1
What is the value of (-4 - 1) + -18 + 9 + 8?
-6
Calculate (-1 - 0) + (2 - 2) + -3.
-4
Calculate (2 - 1) + -3 + 7.
5
Calculate 1 - ((8 - (3 + 1)) + -9).
6
What is 5 - (5 + -3) - (-1 - -3)?
1
Calculate (-16 - (-20 - -8)) + (-5 - -3).
-6
Calculate -9 + (-12 - -25) + -11.
-7
What is 0 + ((-4 - 1) + -1 - -1)?
-5
(-2 - 6) + (6 - 1)
-3
Calculate (-8 - (-6 - -2)) + -1.
-5
Evaluate (-12 - -12) + 1 + (-1 - 0).
0
1 - (4 - -3) - -9
3
What is the value of (-27 - -28) + (-1 - 5)?
-5
Evaluate 3 - (1 - (0 - -5 - 12)).
-5
What is the value of (9 - (19 + -3)) + 6?
-1
-4 + (6 - 9) - (6 + -5)
-8
What is 4 + -2 + (5 - 2)?
5
What is the value of (-6 - 6) + 6 + 7?
1
Calculate (6 - 1) + 1 + 8 + -12.
2
What is the value of -5 - (1 - 4 - 1)?
-1
Evaluate -6 - (-6 - -4 - (-1 + 0)).
-5
What is the value of 5 + (0 - 6) + 2?
1
Evaluate 13 - (3 - 1 - 4 - -8).
7
Calculate (2 - 3) + (1 - -4 - 5).
-1
What is the value of -17 - -21 - (0 - -1) - 0?
3
What is the value of 98 - 83 - (9 + 0)?
6
Calculate (44 - 45) + (2 - 2 - -1).
0
What is the value of 0 - (-2 - (0 - -3 - 4))?
1
What is (-1 + -1 - 11) + 22?
9
0 + -1 + (1 - -1) + 1
2
What is -11 - -7 - (0 + 1)?
-5
-4 + -4 + 13 + -2
3
What is 3 + 4 + (-12 - -1) + 3?
-1
What is -3 + (1 - -5) + (5 - 12)?
-4
Calculate -3 + (-1 - -3) - -4.
3
Calculate 7 + (-4 + 2 - 0).
5
Calculate 0 - ((-1 - (0 - -2)) + 7).
-4
(60 - 66) + (2 - -2)
-2
-12 + (7 - -2) 